093. What is the remainder when l is divided by 61?
56
Suppose 0 = -2*u + 4*u + 6. What is the remainder when 37 is divided by (-304)/(-8)*(u/6 + 1)?
18
Suppose -22 = -5*j + 28. Calculate the remainder when 38 is divided by (-3 + 15/j)*(-40)/6.
8
Suppose 0 = o - 4 - 0. Suppose 0 = i + i + 2, o*g - 18 = -2*i. Let t = 2 + 7. What is the remainder when t is divided by g?
4
Let r = -131 + 134. Suppose -2*l - r = 5, 0 = h + 3*l - 27. Calculate the remainder when 154 is divided by h.
37
Let s be -180*(22/(-5) - -4). Suppose -4*j + s = -0*j. Suppose -u - 2*u = -2*w - 24, 12 = 4*w. What is the remainder when j is divided by u?
8
Suppose -5*g + 1 = 26. Let a be 9 - 11 - (g + 1). Calculate the remainder when -4*(46/(-8) + a) is divided by 6.
3
Let l be 2/((-2)/(1 + -3)). Let k(w) = 27*w. Calculate the remainder when k(l) is divided by 29.
25
Let g = 367 + -252. Calculate the remainder when g is divided by 29.
28
Suppose -3*o + 80 = 5*z - 8*o, -2*z - 3*o = -52. Let t be (-8)/z - (-48)/20. Let v = t - -11. What is the remainder when 36 is divided by v?
10
Let w(z) = 7*z**2 - z - 3. Let l be w(3). Let s = -65 + 77. Suppose -3*k + l = -s. Calculate the remainder when k is divided by 12.
11
Let y = 209 + -131. Suppose -232 = -7*s - y. What is the remainder when 64 is divided by s?
20
Suppose 15 = 5*b + d, b = -b + 2*d + 18. Let a(z) = 2*z**3 - 2*z. Suppose 2*i - 6*i + 8 = 0. What is the remainder when a(i) is divided by b?
0
Let w(k) = k**3 + 17*k**2 + 16*k + 2. Let f be w(-16). Suppose f*l + 10 = 7*l. What is the remainder when (-4)/6*60/(-8) is divided by l?
1
Suppose h + 0*h = 4, 2*p + 14 = 5*h. Let b(w) = -7*w - w - 3*w - p. What is the remainder when b(-2) is divided by 7?
5
Suppose 10*z - 11*z = -21. Calculate the remainder when 73 is divided by z.
10
Let u = 635 - 597. What is the remainder when u is divided by 13?
12
Suppose -8*f - 2995 + 3723 = 0. Suppose 0*a = 4*a - 20. Suppose -h = c - 14, 4*h = a*c + 2*h - f. Calculate the remainder when c is divided by 9.
8
Let m(u) = -u**3 + 17*u**2 + 5*u + 40. Let d be m(17). Suppose 139 = 2*p + d. What is the remainder when 67 is divided by p?
4
Let u(m) = -10*m + 9. Let c be u(-7). Suppose -q + 0*q = -c. What is the remainder when q is divided by 14?
9
Let x(k) = -32*k - 175. Calculate the remainder when 91 is divided by x(-7).
42
Suppose -14 = 4*w - 206. Let x = 73 - w. Suppose s = -2 + 17. Calculate the remainder when x is divided by s.
10
Let z = 1165 - 1099. Calculate the remainder when 224 is divided by z.
26
Let m(l) = -l**3 + 5*l**2 + 8*l - 3. Suppose 0 = j + 4*j - 20. Suppose -5*d + j*d - 5*x = -34, -x + 2 = 0. Calculate the remainder when d is divided by m(6).
6
Suppose -996 = -12*c + 768. What is the remainder when c is divided by 26?
17
Let f be (1 - 0)*(1 + 1). Suppose 2*j - 8 - f = 0. What is the remainder when 10 is divided by j?
0
Suppose -49*o + 46*o + a = -8, o - a = 4. Calculate the remainder when 37 is divided by o.
1
Let b = 222 - 214. What is the remainder when 24 is divided by b?
0
Let n be (42/(-7))/(4/(-22)). Suppose 5*p - n = 7. What is the remainder when 20 is divided by p?
4
Let y = 25 + -2. Suppose -21*t - 26 = -y*t. Calculate the remainder when 47 is divided by t.
8
Let g = -43 + 90. What is the remainder when g is divided by (-885)/(-35) + 22/(-77)?
22
Suppose 0 = 4*r - 6*r - 14. Let v = r - -87. Suppose 0 = -3*i + 2*l + v, 4*i + l = 2*i + 65. Calculate the remainder when i is divided by 11.
8
Let i be (-1 - 10/(-14)) + (-928)/(-112). Calculate the remainder when (-98)/1*5*i/(-80) is divided by 9.
4
Let z(g) be the first derivative of g**2/2 - 2*g + 4. Let j be z(4). Suppose -60 = -j*h - 2*h. What is the remainder when h is divided by 9?
6
Suppose 2*d = 6*d - 8. Suppose d*m + 2*b = 4*m - 38, -2*m + 5*b = -53. Calculate the remainder when 26 is divided by m.
12
Let x(g) = -44*g. What is the remainder when x(-2) is divided by 13?
10
Let n(o) = 5*o**2 + 3*o - 95. What is the remainder when n(-11) is divided by 24?
21
Let w(c) = -4*c**3 - 13*c**2 - 2. Calculate the remainder when w(-4) is divided by 8.
6
Let v(g) = 22*g - 215. Calculate the remainder when v(16) is divided by 42.
11
Let i(p) be the third derivative of -p**5/60 + p**4/8 + p**3/2 + 2*p**2. Let l be i(5). Calculate the remainder when 30 is divided by -1 - l/((-7)/(-12)).
8
Let c(p) = -p**3 - 3*p**2 + 48. What is the remainder when c(0) is divided by 15?
3
Suppose -2*o - 3*o + 145 = 0. Suppose 2*x = x + o. Let n(a) = -17*a + 195. Calculate the remainder when x is divided by n(11).
5
Let t(l) = l**2 - 20*l - 3. Let a be t(9). Let k = a + 180. Calculate the remainder when k is divided by 10.
8
Let w(z) = -2*z**2 - 24*z + 25. Let b(f) = f**3 + 7*f**2 - f + 3. What is the remainder when w(-11) is divided by b(-7)?
7
Let v = 71 + -77. What is the remainder when (-5)/(-30) + 551*(-1)/v is divided by 32?
28
Suppose 0 = -19*s + 4796 - 958. What is the remainder when s is divided by 7?
6
Let o(c) = -c**3 + 2*c**2 + 5*c - 4. Let u be o(4). Let m = u + 39. Calculate the remainder when 68 is divided by m.
22
Let y = 8 - -6. Let d = 15 - y. Suppose -2*x + 51 = -d. What is the remainder when x is divided by 14?
12
Let f = -88 + 91. Suppose -70 = -8*c + f*c. What is the remainder when 54 is divided by c?
12
Suppose -4*b - 2 = -5*w - 4, -2*b - 4 = 0. What is the remainder when 14 is divided by 7 + (0 - (2 + w)) + 3?
4
Suppose 0 = -z + 5*k + 24, 0 = 3*k + 7 - 4. Calculate the remainder when 49 is divided by z.
11
Suppose 0*m = -4*d + 2*m + 14, 2*m - 1 = -d. Suppose -d*g - 6 = 0, -5*l + g = 2*g - 73. Let h = 52 + -25. What is the remainder when h is divided by l?
12
Suppose 99*v = 103*v - 656. Calculate the remainder when v is divided by 25.
14
Let u = 307 - 169. Suppose 158 = d + u. Calculate the remainder when 52 is divided by d.
12
Let d(m) = m**2 - 7*m - 11. Let j = 16 - 22. Let p be d(j). Let z = p + -32. What is the remainder when z is divided by 9?
8
Let p(b) = b**2 + 13*b - 9. Let a be p(-17). Suppose -u + 2*l = -a, -4*u + 136 = -2*l - 70. What is the remainder when u is divided by 25?
24
Let n be (7/(-14) + -7)/((-1)/22). Suppose n = 4*q - 63. What is the remainder when q is divided by 30?
27
Let u(c) = 3*c**2 - 2*c + 1. Let v be u(1). Suppose -4*x + o = -120, -v*x - o + 68 - 8 = 0. Let a = x - 18. What is the remainder when 22 is divided by a?
10
Let c = 17 - 12. Suppose 0 = -z + 5*z - 5*l - 43, -c*z + 62 = 2*l. Suppose -115 = -9*x + 4*x. Calculate the remainder when x is divided by z.
11
Let a = 15 - 20. Suppose 2*x + 40 = 7*x. Let f = x - a. Calculate the remainder when 36 is divided by f.
10
Suppose 1 + 131 = 3*a. Let h = 49 - a. Calculate the remainder when 22 is divided by h.
2
Let x = -275 + 291. Calculate the remainder when 2029 is divided by x.
13
Let b(g) = -4*g + 5. Let p be b(3). Let f = 5 - p. Let v = f - -2. What is the remainder when 82 is divided by v?
12
Let a be 6/4 - (-10)/4. Suppose 72 = a*o - 32. Let m = 34 - o. Calculate the remainder when 13 is divided by m.
5
Suppose -t + 9*t - 1016 = 0. Let b = -116 + t. What is the remainder when 18 is divided by b?
7
Suppose 4*r + 187 = 3*q, -r - 502 + 179 = -5*q. Calculate the remainder when 165 is divided by q.
35
Let s = -25 + -8. Let j = s + 29. Calculate the remainder when (j/5)/((-9)/45) is divided by 2.
0
Suppose -d = 4*o - 75, 12 = o + 2*d + 2. What is the remainder when 178 is divided by o?
18
Let k(f) = -f**3 - 15*f**2 + 21*f + 25. Let q be k(-16). Let a = q + 77. What is the remainder when 42 is divided by a?
20
Let g(b) = b**2 - 22*b - 91. What is the remainder when g(-20) is divided by 16?
13
Suppose 813 - 273 = 5*v. Let o = 126 - v. What is the remainder when o is divided by 11?
7
Let d(a) = 97*a. Suppose h = -5*j + 3*h - 5, -h = -2*j - 3. What is the remainder when d(j) is divided by 33?
31
Suppose -12*f - 2*l - 450 = -17*f, 2*f + 5*l = 180. Calculate the remainder when f is divided by 16.
10
Let a(u) = -6*u - 14. Let n = -102 - -108. Calculate the remainder when n is divided by a(-3).
2
Suppose -1 = -j - 19. What is the remainder when 7 is divided by (-2 - 2) + 0 + j/(-3)?
1
What is the remainder when 637 is divided by 4/((-4641)/(-1479) + 1 + -4)?
28
Suppose 26 = 7*f - 5*f. Let u be ((-8)/(-12))/((-2)/(-63)). Let r = u - 14. Calculate the remainder